{"id":2002,"date":"2023-02-02T21:10:56","date_gmt":"2023-02-03T03:10:56","guid":{"rendered":"https:\/\/outsidetheboxproductions.com.mx\/?page_id=2002"},"modified":"2023-02-02T22:01:51","modified_gmt":"2023-02-03T04:01:51","slug":"mariana-barby-juarez","status":"publish","type":"page","link":"https:\/\/outsidetheboxproductions.com.mx\/?page_id=2002","title":{"rendered":"Mariana \u00abBarby\u00bb Ju\u00e1rez"},"content":{"rendered":"\t\t<div data-elementor-type=\"wp-page\" data-elementor-id=\"2002\" class=\"elementor elementor-2002\">\n\t\t\t\t\t\t\t\t\t<section class=\"elementor-section elementor-top-section elementor-element elementor-element-ff96dd3 elementor-reverse-mobile elementor-section-full_width elementor-section-height-default elementor-section-height-default\" data-id=\"ff96dd3\" data-element_type=\"section\" data-settings=\"{&quot;background_background&quot;:&quot;classic&quot;}\">\n\t\t\t\t\t\t<div class=\"elementor-container elementor-column-gap-no\">\n\t\t\t\t\t<div class=\"elementor-column elementor-col-100 elementor-top-column elementor-element elementor-element-036dea5\" data-id=\"036dea5\" data-element_type=\"column\">\n\t\t\t<div class=\"elementor-widget-wrap elementor-element-populated\">\n\t\t\t\t\t\t\t\t<div class=\"elementor-element elementor-element-37fcc91 animated-slow elementor-invisible elementor-widget elementor-widget-heading\" data-id=\"37fcc91\" data-element_type=\"widget\" data-settings=\"{&quot;_animation&quot;:&quot;fadeInLeft&quot;}\" data-widget_type=\"heading.default\">\n\t\t\t\t<div class=\"elementor-widget-container\">\n\t\t\t<style>\/*! elementor - v3.11.5 - 14-03-2023 *\/\n.elementor-heading-title{padding:0;margin:0;line-height:1}.elementor-widget-heading .elementor-heading-title[class*=elementor-size-]>a{color:inherit;font-size:inherit;line-height:inherit}.elementor-widget-heading .elementor-heading-title.elementor-size-small{font-size:15px}.elementor-widget-heading .elementor-heading-title.elementor-size-medium{font-size:19px}.elementor-widget-heading .elementor-heading-title.elementor-size-large{font-size:29px}.elementor-widget-heading .elementor-heading-title.elementor-size-xl{font-size:39px}.elementor-widget-heading .elementor-heading-title.elementor-size-xxl{font-size:59px}<\/style><h2 class=\"elementor-heading-title elementor-size-default\">Mariana \"Barby\" Ju\u00e1rez<\/h2>\t\t<\/div>\n\t\t\t\t<\/div>\n\t\t\t\t<div class=\"elementor-element elementor-element-b23f810 animated-slow elementor-invisible elementor-widget elementor-widget-video\" data-id=\"b23f810\" data-element_type=\"widget\" data-settings=\"{&quot;video_type&quot;:&quot;hosted&quot;,&quot;_animation&quot;:&quot;bounceIn&quot;,&quot;controls&quot;:&quot;yes&quot;}\" data-widget_type=\"video.default\">\n\t\t\t\t<div class=\"elementor-widget-container\">\n\t\t\t<style>\/*! elementor - v3.11.5 - 14-03-2023 *\/\n.elementor-widget-video .elementor-widget-container{overflow:hidden;transform:translateZ(0)}.elementor-widget-video .elementor-wrapper iframe,.elementor-widget-video .elementor-wrapper video{height:100%;width:100%;display:flex;border:none;background-color:#000}.elementor-widget-video .elementor-open-inline .elementor-custom-embed-image-overlay{position:absolute;top:0;left:0;width:100%;height:100%;background-size:cover;background-position:50%}.elementor-widget-video .elementor-custom-embed-image-overlay{cursor:pointer;text-align:center}.elementor-widget-video .elementor-custom-embed-image-overlay:hover .elementor-custom-embed-play i{opacity:1}.elementor-widget-video .elementor-custom-embed-image-overlay img{display:block;width:100%}.elementor-widget-video .e-hosted-video .elementor-video{-o-object-fit:cover;object-fit:cover}.e-con-inner>.elementor-widget-video,.e-con>.elementor-widget-video{width:var(--container-widget-width);--flex-grow:var(--container-widget-flex-grow)}<\/style>\t\t<div class=\"e-hosted-video elementor-wrapper elementor-open-inline\">\n\t\t\t\t\t<video class=\"elementor-video\" src=\"https:\/\/outsidetheboxproductions.com.mx\/wp-content\/uploads\/2023\/02\/Mariana.mp4\" controls=\"\" preload=\"metadata\" controlsList=\"nodownload\"><\/video>\n\t\t\t\t<\/div>\n\t\t\t\t<\/div>\n\t\t\t\t<\/div>\n\t\t\t\t<div class=\"elementor-element elementor-element-8f21328 elementor-invisible elementor-widget elementor-widget-image\" data-id=\"8f21328\" data-element_type=\"widget\" data-settings=\"{&quot;_animation&quot;:&quot;zoomIn&quot;}\" data-widget_type=\"image.default\">\n\t\t\t\t<div class=\"elementor-widget-container\">\n\t\t\t<style>\/*! elementor - v3.11.5 - 14-03-2023 *\/\n.elementor-widget-image{text-align:center}.elementor-widget-image a{display:inline-block}.elementor-widget-image a img[src$=\".svg\"]{width:48px}.elementor-widget-image img{vertical-align:middle;display:inline-block}<\/style>\t\t\t\t\t\t\t\t\t\t\t\t<img loading=\"lazy\" decoding=\"async\" width=\"360\" height=\"540\" src=\"https:\/\/outsidetheboxproductions.com.mx\/wp-content\/uploads\/2023\/02\/barbie-2.jpg\" class=\"attachment-full size-full wp-image-2005\" alt=\"\" srcset=\"https:\/\/outsidetheboxproductions.com.mx\/wp-content\/uploads\/2023\/02\/barbie-2.jpg 360w, https:\/\/outsidetheboxproductions.com.mx\/wp-content\/uploads\/2023\/02\/barbie-2-200x300.jpg 200w\" sizes=\"(max-width: 360px) 100vw, 360px\" \/>\t\t\t\t\t\t\t\t\t\t\t\t\t\t\t<\/div>\n\t\t\t\t<\/div>\n\t\t\t\t<div class=\"elementor-element elementor-element-d4b16ca elementor-align-center elementor-widget elementor-widget-button\" data-id=\"d4b16ca\" data-element_type=\"widget\" data-settings=\"{&quot;_animation_mobile&quot;:&quot;bounceIn&quot;}\" data-widget_type=\"button.default\">\n\t\t\t\t<div class=\"elementor-widget-container\">\n\t\t\t\t\t<div class=\"elementor-button-wrapper\">\n\t\t\t<a href=\"mailto:paty.fajardo@gmail.com?subject=Quiero%20m%C3%A1s%20informaci%C3%B3n%20acerca%20de%20sus%20conferencistas.%20\" class=\"elementor-button-link elementor-button elementor-size-sm\" role=\"button\">\n\t\t\t\t\t\t<span class=\"elementor-button-content-wrapper\">\n\t\t\t\t\t\t<span class=\"elementor-button-text\">\u00a1Contacta!<\/span>\n\t\t<\/span>\n\t\t\t\t\t<\/a>\n\t\t<\/div>\n\t\t\t\t<\/div>\n\t\t\t\t<\/div>\n\t\t\t\t<div class=\"elementor-element elementor-element-070e77f elementor-invisible elementor-widget elementor-widget-text-editor\" data-id=\"070e77f\" data-element_type=\"widget\" data-settings=\"{&quot;_animation&quot;:&quot;fadeInLeft&quot;}\" data-widget_type=\"text-editor.default\">\n\t\t\t\t<div class=\"elementor-widget-container\">\n\t\t\t<style>\/*! elementor - v3.11.5 - 14-03-2023 *\/\n.elementor-widget-text-editor.elementor-drop-cap-view-stacked .elementor-drop-cap{background-color:#818a91;color:#fff}.elementor-widget-text-editor.elementor-drop-cap-view-framed .elementor-drop-cap{color:#818a91;border:3px solid;background-color:transparent}.elementor-widget-text-editor:not(.elementor-drop-cap-view-default) .elementor-drop-cap{margin-top:8px}.elementor-widget-text-editor:not(.elementor-drop-cap-view-default) .elementor-drop-cap-letter{width:1em;height:1em}.elementor-widget-text-editor .elementor-drop-cap{float:left;text-align:center;line-height:1;font-size:50px}.elementor-widget-text-editor .elementor-drop-cap-letter{display:inline-block}<\/style>\t\t\t\t<p><span style=\"font-family: Arial, sans-serif;\"><span style=\"font-size: small;\">Es una campeona de box mexicana. Naci\u00f3 el 29 de enero de 1980 y el 22 de mayo de 1998 debut\u00f3. Entre sus palmares est\u00e1n el haber ganado el t\u00edtulo supermosca de la Federaci\u00f3n Internacional de Boxeo Femenil y del t\u00edtulo gallo del t\u00edtulo gallo del WBC. <\/span><\/span><\/p><p><span style=\"font-family: Arial, sans-serif;\"><span style=\"font-size: small;\">Ha sido campeona mundial gallo, campeona internacional s\u00fapermosca, campeona mundial interina mosca, campeona internacional peso mosca del Consejo Mundial del Boxeo y Campeona s\u00fapermosca de la Asociaci\u00f3n Internacional de Boxeo Femenil. Es una de las pioneras del boxeo femenil mexicano, conocida por su t\u00e9cnica depurada y una temible pegada. Tiene una gran rivalidad con Ana Mar\u00eda Torres, que naci\u00f3 despu\u00e9s de su primera pelea oficial en la Ciudad de M\u00e9xico. <\/span><\/span><\/p><p><span style=\"font-family: Arial, sans-serif;\"><span style=\"font-size: small;\">Durante seis a\u00f1os estuvo compitiendo en Estados Unidos, aqu\u00ed consigui\u00f3 el prestigiado t\u00edtulo de la IFBA. Ha combatido contra las mejores boxeadoras, incluyendo a la campeona mundial norteamericana Melissa McMorrow, la argentina Carla Weiss, y dej\u00f3 muy alto el nombre de M\u00e9xico frente a las japonesas Naoko Fujioka y Tamao Ozawa. <\/span><\/span><\/p><p><span style=\"font-family: Arial, sans-serif;\"><span style=\"font-size: small;\">Barby es bien conocida por nunca rendirse, tuvo una nueva oportunidad de conseguir el t\u00edtulo mundial en la divisi\u00f3n gallo, destronando a la africana Catherine Phiri. Su motivaci\u00f3n viene de su hija Natasha, gracias a ella es que logra pelear tanto en el ring como en su vida cotidiana. Adem\u00e1s, ha incursionado en la conducci\u00f3n televisiva, el modelaje y la actuaci\u00f3n. Recientemente present\u00f3 una l\u00ednea de ropa y calzado que lleva su nombre. Cada a\u00f1o edita un calendario y el total\u00a0 de sus ganancias son donadas a fundaciones que apoyan a madres solteras. <br \/><\/span><\/span><\/p><p><span style=\"font-family: Arial, sans-serif;\"><span style=\"font-size: small;\">\u00a0<\/span><\/span><\/p>\t\t\t\t\t\t<\/div>\n\t\t\t\t<\/div>\n\t\t\t\t\t<\/div>\n\t\t<\/div>\n\t\t\t\t\t\t\t<\/div>\n\t\t<\/section>\n\t\t\t\t\t\t\t<\/div>\n\t\t","protected":false},"excerpt":{"rendered":"<p>Mariana \u00abBarby\u00bb Ju\u00e1rez https:\/\/outsidetheboxproductions.com.mx\/wp-content\/uploads\/2023\/02\/Mariana.mp4 \u00a1Contacta! Es una campeona de box mexicana. Naci\u00f3 el 29 de enero de 1980 y el 22 de mayo de 1998 debut\u00f3. Entre sus palmares est\u00e1n el haber ganado el t\u00edtulo supermosca de la Federaci\u00f3n Internacional de Boxeo Femenil y del t\u00edtulo gallo del t\u00edtulo gallo del WBC. Ha sido campeona &hellip;<\/p>\n<p class=\"read-more\"> <a class=\"\" href=\"https:\/\/outsidetheboxproductions.com.mx\/?page_id=2002\"> <span class=\"screen-reader-text\">Mariana \u00abBarby\u00bb Ju\u00e1rez<\/span> Leer m\u00e1s &raquo;<\/a><\/p>\n","protected":false},"author":1,"featured_media":0,"parent":0,"menu_order":0,"comment_status":"closed","ping_status":"closed","template":"elementor_header_footer","meta":{"site-sidebar-layout":"no-sidebar","site-content-layout":"page-builder","ast-global-header-display":"","ast-main-header-display":"","ast-hfb-above-header-display":"","ast-hfb-below-header-display":"","ast-hfb-mobile-header-display":"","site-post-title":"disabled","ast-breadcrumbs-content":"","ast-featured-img":"disabled","footer-sml-layout":"","theme-transparent-header-meta":"enabled","adv-header-id-meta":"","stick-header-meta":"","header-above-stick-meta":"","header-main-stick-meta":"","header-below-stick-meta":"","footnotes":""},"_links":{"self":[{"href":"https:\/\/outsidetheboxproductions.com.mx\/index.php?rest_route=\/wp\/v2\/pages\/2002"}],"collection":[{"href":"https:\/\/outsidetheboxproductions.com.mx\/index.php?rest_route=\/wp\/v2\/pages"}],"about":[{"href":"https:\/\/outsidetheboxproductions.com.mx\/index.php?rest_route=\/wp\/v2\/types\/page"}],"author":[{"embeddable":true,"href":"https:\/\/outsidetheboxproductions.com.mx\/index.php?rest_route=\/wp\/v2\/users\/1"}],"replies":[{"embeddable":true,"href":"https:\/\/outsidetheboxproductions.com.mx\/index.php?rest_route=%2Fwp%2Fv2%2Fcomments&post=2002"}],"version-history":[{"count":10,"href":"https:\/\/outsidetheboxproductions.com.mx\/index.php?rest_route=\/wp\/v2\/pages\/2002\/revisions"}],"predecessor-version":[{"id":2017,"href":"https:\/\/outsidetheboxproductions.com.mx\/index.php?rest_route=\/wp\/v2\/pages\/2002\/revisions\/2017"}],"wp:attachment":[{"href":"https:\/\/outsidetheboxproductions.com.mx\/index.php?rest_route=%2Fwp%2Fv2%2Fmedia&parent=2002"}],"curies":[{"name":"wp","href":"https:\/\/api.w.org\/{rel}","templated":true}]}}