{"id":1808,"date":"2023-01-27T11:33:42","date_gmt":"2023-01-27T17:33:42","guid":{"rendered":"https:\/\/outsidetheboxproductions.com.mx\/?page_id=1808"},"modified":"2023-01-27T22:37:40","modified_gmt":"2023-01-28T04:37:40","slug":"juan-manuel-marquez","status":"publish","type":"page","link":"https:\/\/outsidetheboxproductions.com.mx\/?page_id=1808","title":{"rendered":"Juan Manuel M\u00e1rquez"},"content":{"rendered":"\t\t<div data-elementor-type=\"wp-page\" data-elementor-id=\"1808\" class=\"elementor elementor-1808\">\n\t\t\t\t\t\t\t\t\t<section class=\"elementor-section elementor-top-section elementor-element elementor-element-ff96dd3 elementor-reverse-mobile elementor-section-full_width elementor-section-height-default elementor-section-height-default\" data-id=\"ff96dd3\" data-element_type=\"section\" data-settings=\"{&quot;background_background&quot;:&quot;classic&quot;}\">\n\t\t\t\t\t\t<div class=\"elementor-container elementor-column-gap-no\">\n\t\t\t\t\t<div class=\"elementor-column elementor-col-100 elementor-top-column elementor-element elementor-element-036dea5\" data-id=\"036dea5\" data-element_type=\"column\">\n\t\t\t<div class=\"elementor-widget-wrap elementor-element-populated\">\n\t\t\t\t\t\t\t\t<div class=\"elementor-element elementor-element-c7296e9 animated-slow elementor-invisible elementor-widget elementor-widget-heading\" data-id=\"c7296e9\" data-element_type=\"widget\" data-settings=\"{&quot;_animation&quot;:&quot;fadeInLeft&quot;}\" data-widget_type=\"heading.default\">\n\t\t\t\t<div class=\"elementor-widget-container\">\n\t\t\t<style>\/*! elementor - v3.11.5 - 14-03-2023 *\/\n.elementor-heading-title{padding:0;margin:0;line-height:1}.elementor-widget-heading .elementor-heading-title[class*=elementor-size-]>a{color:inherit;font-size:inherit;line-height:inherit}.elementor-widget-heading .elementor-heading-title.elementor-size-small{font-size:15px}.elementor-widget-heading .elementor-heading-title.elementor-size-medium{font-size:19px}.elementor-widget-heading .elementor-heading-title.elementor-size-large{font-size:29px}.elementor-widget-heading .elementor-heading-title.elementor-size-xl{font-size:39px}.elementor-widget-heading .elementor-heading-title.elementor-size-xxl{font-size:59px}<\/style><h2 class=\"elementor-heading-title elementor-size-default\">Juan Manuel M\u00e1rquez<\/h2>\t\t<\/div>\n\t\t\t\t<\/div>\n\t\t\t\t<div class=\"elementor-element elementor-element-e8ffc2f animated-slow elementor-invisible elementor-widget elementor-widget-image\" data-id=\"e8ffc2f\" data-element_type=\"widget\" data-settings=\"{&quot;_animation&quot;:&quot;fadeInLeft&quot;,&quot;_animation_mobile&quot;:&quot;bounceIn&quot;}\" data-widget_type=\"image.default\">\n\t\t\t\t<div class=\"elementor-widget-container\">\n\t\t\t<style>\/*! elementor - v3.11.5 - 14-03-2023 *\/\n.elementor-widget-image{text-align:center}.elementor-widget-image a{display:inline-block}.elementor-widget-image a img[src$=\".svg\"]{width:48px}.elementor-widget-image img{vertical-align:middle;display:inline-block}<\/style>\t\t\t\t\t\t\t\t\t\t\t\t<img loading=\"lazy\" decoding=\"async\" width=\"1920\" height=\"1080\" src=\"https:\/\/outsidetheboxproductions.com.mx\/wp-content\/uploads\/2023\/01\/juan-manuel-vid2-1.jpg\" class=\"attachment-full size-full wp-image-1938\" alt=\"\" srcset=\"https:\/\/outsidetheboxproductions.com.mx\/wp-content\/uploads\/2023\/01\/juan-manuel-vid2-1.jpg 1920w, https:\/\/outsidetheboxproductions.com.mx\/wp-content\/uploads\/2023\/01\/juan-manuel-vid2-1-300x169.jpg 300w, https:\/\/outsidetheboxproductions.com.mx\/wp-content\/uploads\/2023\/01\/juan-manuel-vid2-1-1024x576.jpg 1024w, https:\/\/outsidetheboxproductions.com.mx\/wp-content\/uploads\/2023\/01\/juan-manuel-vid2-1-768x432.jpg 768w, https:\/\/outsidetheboxproductions.com.mx\/wp-content\/uploads\/2023\/01\/juan-manuel-vid2-1-1536x864.jpg 1536w, https:\/\/outsidetheboxproductions.com.mx\/wp-content\/uploads\/2023\/01\/juan-manuel-vid2-1-600x338.jpg 600w\" sizes=\"(max-width: 1920px) 100vw, 1920px\" \/>\t\t\t\t\t\t\t\t\t\t\t\t\t\t\t<\/div>\n\t\t\t\t<\/div>\n\t\t\t\t<div class=\"elementor-element elementor-element-8f21328 elementor-invisible elementor-widget elementor-widget-image\" data-id=\"8f21328\" data-element_type=\"widget\" data-settings=\"{&quot;_animation&quot;:&quot;fadeInUp&quot;}\" data-widget_type=\"image.default\">\n\t\t\t\t<div class=\"elementor-widget-container\">\n\t\t\t\t\t\t\t\t\t\t\t\t\t\t\t<img loading=\"lazy\" decoding=\"async\" width=\"360\" height=\"540\" src=\"https:\/\/outsidetheboxproductions.com.mx\/wp-content\/uploads\/2023\/01\/marquez.jpg\" class=\"attachment-full size-full wp-image-1825\" alt=\"\" srcset=\"https:\/\/outsidetheboxproductions.com.mx\/wp-content\/uploads\/2023\/01\/marquez.jpg 360w, https:\/\/outsidetheboxproductions.com.mx\/wp-content\/uploads\/2023\/01\/marquez-200x300.jpg 200w\" sizes=\"(max-width: 360px) 100vw, 360px\" \/>\t\t\t\t\t\t\t\t\t\t\t\t\t\t\t<\/div>\n\t\t\t\t<\/div>\n\t\t\t\t<div class=\"elementor-element elementor-element-d4b16ca elementor-align-center elementor-widget elementor-widget-button\" data-id=\"d4b16ca\" data-element_type=\"widget\" data-settings=\"{&quot;_animation_mobile&quot;:&quot;bounceIn&quot;}\" data-widget_type=\"button.default\">\n\t\t\t\t<div class=\"elementor-widget-container\">\n\t\t\t\t\t<div class=\"elementor-button-wrapper\">\n\t\t\t<a href=\"mailto:paty.fajardo@gmail.com?subject=Quiero%20m%C3%A1s%20informaci%C3%B3n%20acerca%20de%20sus%20conferencistas.%20\" class=\"elementor-button-link elementor-button elementor-size-sm\" role=\"button\">\n\t\t\t\t\t\t<span class=\"elementor-button-content-wrapper\">\n\t\t\t\t\t\t<span class=\"elementor-button-text\">\u00a1Contacta!<\/span>\n\t\t<\/span>\n\t\t\t\t\t<\/a>\n\t\t<\/div>\n\t\t\t\t<\/div>\n\t\t\t\t<\/div>\n\t\t\t\t<div class=\"elementor-element elementor-element-070e77f elementor-invisible elementor-widget elementor-widget-text-editor\" data-id=\"070e77f\" data-element_type=\"widget\" data-settings=\"{&quot;_animation&quot;:&quot;fadeInLeft&quot;}\" data-widget_type=\"text-editor.default\">\n\t\t\t\t<div class=\"elementor-widget-container\">\n\t\t\t<style>\/*! elementor - v3.11.5 - 14-03-2023 *\/\n.elementor-widget-text-editor.elementor-drop-cap-view-stacked .elementor-drop-cap{background-color:#818a91;color:#fff}.elementor-widget-text-editor.elementor-drop-cap-view-framed .elementor-drop-cap{color:#818a91;border:3px solid;background-color:transparent}.elementor-widget-text-editor:not(.elementor-drop-cap-view-default) .elementor-drop-cap{margin-top:8px}.elementor-widget-text-editor:not(.elementor-drop-cap-view-default) .elementor-drop-cap-letter{width:1em;height:1em}.elementor-widget-text-editor .elementor-drop-cap{float:left;text-align:center;line-height:1;font-size:50px}.elementor-widget-text-editor .elementor-drop-cap-letter{display:inline-block}<\/style>\t\t\t\t<p><span style=\"font-family: Arial, sans-serif;\"><span style=\"font-size: small;\"><span style=\"font-weight: normal;\">Juan Manuel M\u00e1rquez M\u00e9ndez (Ciudad de M\u00e9xico, 23 de agosto de 1973) m\u00e1s conocido como Dinamita, es un exboxeador profesional mexicano que boxe\u00f3 desde 1993 hasta 2014.<\/span><\/span><\/span><\/p><p><span style=\"font-family: Arial, sans-serif;\"><span style=\"font-size: small;\"><span style=\"font-weight: normal;\">Es el cuarto boxeador mexicano en convertirse en campe\u00f3n del mundo en tres categor\u00edas de peso despu\u00e9s de Julio C\u00e9sar Ch\u00e1vez, Erik Morales y Marco Antonio Barrera. Tambi\u00e9n es el tercer boxeador mexicano en convertirse en campe\u00f3n mundial en cuatro categor\u00edas de peso despu\u00e9s de Erik Morales y Jorge Arce. Gan\u00f3 nueve campeonatos mundiales incluyendo el campeonato WBA (S\u00faper), IBF y WBO de peso pluma entre 2003 y 2007; el campeonato del WBC de peso superpluma de 2007 a 2008; el AMB (S\u00faper), WBO, <\/span><\/span><\/span><span style=\"font-family: Arial, sans-serif;\"><span style=\"font-size: small;\"><i><span style=\"font-weight: normal;\">Ring Magazine<\/span><\/i><\/span><\/span><span style=\"font-family: Arial, sans-serif;\"><span style=\"font-size: small;\"><span style=\"font-weight: normal;\"> y campeonato Lineal de peso ligero entre 2008 y 2012; y el t\u00edtulo de la WBO de peso superligero de 2012 a 2013. El 8 de diciembre de 2012 gan\u00f3 el t\u00edtulo de Campe\u00f3n de la D\u00e9cada de la WBO, disputado en una \u00e9pica pelea que gan\u00f3 por nocaut contra el filipino Manny Pacquiao. En 2012, Juan Manuel fue distinguido como el boxeador del a\u00f1o por la revista <\/span><\/span><\/span><span style=\"font-family: Arial, sans-serif;\"><span style=\"font-size: small;\"><i><span style=\"font-weight: normal;\">The Ring<\/span><\/i><\/span><\/span><span style=\"font-family: Arial, sans-serif;\"><span style=\"font-size: small;\"><span style=\"font-weight: normal;\">, su nocaut sobre Manny Pacquiao fue considerado como el mejor nocaut del a\u00f1o y la pelea contra fue nombrada como el combate del a\u00f1o.<\/span><\/span><\/span><\/p><p><span style=\"font-family: Arial, sans-serif;\"><span style=\"font-size: small;\"><span style=\"font-weight: normal;\">En una carrera que abarc\u00f3 m\u00e1s de 20 a\u00f1os, Juan Manuel fue reconocido por ser un boxeador altamente t\u00e9cnico con habilidad excepcional para las combinaciones y el contragolpe, aunque tambi\u00e9n se sol\u00eda enfrascar en duras contiendas con sus oponentes. Fue conocido tambi\u00e9n por su dureza, ya que nunca perdi\u00f3 una pelea por nocaut. Sus combates m\u00e1s notables incluyen la saga de cuatro peleas con Manny Pacquiao y su pelea contra su compatriota Marco Antonio Barrera.<\/span><\/span><\/span><\/p><p><span style=\"font-family: Arial, sans-serif;\"><span style=\"font-size: small;\"><span style=\"font-weight: normal;\">Juan Manuel es reconocido por ser uno de los mejores boxeadores mexicanos de la historia, est\u00e1 clasificado por Boxrec en el lugar 108 de los mejores boxeadores de todos los tiempos, as\u00ed como el sexto mejor boxeador mexicano de la historia, libra por libra. Entre 2004 y 2014 fue considerado por la revista <\/span><\/span><\/span><span style=\"font-family: Arial, sans-serif;\"><span style=\"font-size: small;\"><i><span style=\"font-weight: normal;\">The Ring<\/span><\/i><\/span><\/span><span style=\"font-family: Arial, sans-serif;\"><span style=\"font-size: small;\"><span style=\"font-weight: normal;\"> como uno de los mejores boxeadores libra por libra. En 2008, fue considerado de manera un\u00e1nime como el 2\u00b0 mejor boxeador libra por libra, mientras que en 2007 y 2012 se le consider\u00f3 como el 3\u00b0. ESPN lo clasific\u00f3 en el puesto 9 de su lista <\/span><\/span><\/span><span style=\"font-family: Arial, sans-serif;\"><span style=\"font-size: small;\"><i><span style=\"font-weight: normal;\">Los 25 Mejores Boxeadores Libra Por Libra de los \u00daltimos 25 a\u00f1os.<\/span><\/i><\/span><\/span><span style=\"font-family: Arial, sans-serif;\"><span style=\"font-size: small;\"><span style=\"font-weight: normal;\"> profesional. <br \/><\/span><\/span><\/span><\/p><p><span style=\"font-family: Arial, sans-serif;\"><span style=\"font-size: small;\"><span style=\"font-weight: normal;\">\u00a0<\/span><\/span><\/span><\/p><p><span style=\"font-family: Arial, sans-serif;\"><span style=\"font-size: small;\"><span style=\"font-weight: normal;\">\u00a0<\/span><\/span><\/span><\/p>\t\t\t\t\t\t<\/div>\n\t\t\t\t<\/div>\n\t\t\t\t\t<\/div>\n\t\t<\/div>\n\t\t\t\t\t\t\t<\/div>\n\t\t<\/section>\n\t\t\t\t\t\t\t<\/div>\n\t\t","protected":false},"excerpt":{"rendered":"<p>Juan Manuel M\u00e1rquez \u00a1Contacta! Juan Manuel M\u00e1rquez M\u00e9ndez (Ciudad de M\u00e9xico, 23 de agosto de 1973) m\u00e1s conocido como Dinamita, es un exboxeador profesional mexicano que boxe\u00f3 desde 1993 hasta 2014. Es el cuarto boxeador mexicano en convertirse en campe\u00f3n del mundo en tres categor\u00edas de peso despu\u00e9s de Julio C\u00e9sar Ch\u00e1vez, Erik Morales y &hellip;<\/p>\n<p class=\"read-more\"> <a class=\"\" href=\"https:\/\/outsidetheboxproductions.com.mx\/?page_id=1808\"> <span class=\"screen-reader-text\">Juan Manuel M\u00e1rquez<\/span> Leer m\u00e1s &raquo;<\/a><\/p>\n","protected":false},"author":1,"featured_media":0,"parent":0,"menu_order":0,"comment_status":"closed","ping_status":"closed","template":"elementor_header_footer","meta":{"site-sidebar-layout":"no-sidebar","site-content-layout":"page-builder","ast-global-header-display":"","ast-main-header-display":"","ast-hfb-above-header-display":"","ast-hfb-below-header-display":"","ast-hfb-mobile-header-display":"","site-post-title":"disabled","ast-breadcrumbs-content":"","ast-featured-img":"disabled","footer-sml-layout":"","theme-transparent-header-meta":"enabled","adv-header-id-meta":"","stick-header-meta":"","header-above-stick-meta":"","header-main-stick-meta":"","header-below-stick-meta":"","footnotes":""},"_links":{"self":[{"href":"https:\/\/outsidetheboxproductions.com.mx\/index.php?rest_route=\/wp\/v2\/pages\/1808"}],"collection":[{"href":"https:\/\/outsidetheboxproductions.com.mx\/index.php?rest_route=\/wp\/v2\/pages"}],"about":[{"href":"https:\/\/outsidetheboxproductions.com.mx\/index.php?rest_route=\/wp\/v2\/types\/page"}],"author":[{"embeddable":true,"href":"https:\/\/outsidetheboxproductions.com.mx\/index.php?rest_route=\/wp\/v2\/users\/1"}],"replies":[{"embeddable":true,"href":"https:\/\/outsidetheboxproductions.com.mx\/index.php?rest_route=%2Fwp%2Fv2%2Fcomments&post=1808"}],"version-history":[{"count":91,"href":"https:\/\/outsidetheboxproductions.com.mx\/index.php?rest_route=\/wp\/v2\/pages\/1808\/revisions"}],"predecessor-version":[{"id":1941,"href":"https:\/\/outsidetheboxproductions.com.mx\/index.php?rest_route=\/wp\/v2\/pages\/1808\/revisions\/1941"}],"wp:attachment":[{"href":"https:\/\/outsidetheboxproductions.com.mx\/index.php?rest_route=%2Fwp%2Fv2%2Fmedia&parent=1808"}],"curies":[{"name":"wp","href":"https:\/\/api.w.org\/{rel}","templated":true}]}}